 of h(c)?
6
Let q = -810 - -332. Let r = 727 + q. What is the units digit of r?
9
Suppose -2*l + 3*l - 2*s = 27, -5*l = 2*s - 195. Suppose -4*n = -5*n + l. What is the tens digit of n?
3
Let w be 1*(3 + (-5)/5). Suppose w*k + 5*u - 244 = 0, k + 4*k = 5*u + 680. What is the hundreds digit of k?
1
Let v be 9 + -1*(1 - 3)*-1. What is the units digit of 2/(-4)*v*(-30 - 4)?
9
Suppose -l + 515 = 281. What is the tens digit of l?
3
Let z(l) = l - 1. Let t(i) = -16*i + 9. Let c(u) = 2*t(u) - 2*z(u). What is the tens digit of c(-5)?
9
Let o(n) = -n**3 - 4*n**2 + n + 6. Let m be o(-5). Let w = 37 - 22. Let z = m - w. What is the tens digit of z?
1
Let l(b) = -2*b**3 - 13*b**2 + 2*b + 15. Let a be l(-9). Suppose 4*u - a = 62. What is the units digit of u?
6
Suppose 0*u + 164 = u. Suppose u = -0*m + m - x, 5*m - 820 = 2*x. What is the hundreds digit of m?
1
What is the units digit of 265 + 8/(32/(-28))?
8
Let z(x) = 16*x**2 + x. Let n(d) = -2*d + 15. Let f be n(7). What is the tens digit of z(f)?
1
What is the units digit of 314/(-4)*(-18 + 4)?
9
Let w(q) = -q**3 - 3*q**2 + 11*q - 8. Let u = 24 + -20. Let m be u/(-6) - (-64)/(-12). What is the tens digit of w(m)?
3
Let j(w) = 127*w**2 - 1. Suppose 5*q + 4 = -f, 5*q = -3*f - 3 + 1. What is the tens digit of j(q)?
2
Let g(h) = -2*h**2 - 4. Let d be g(0). What is the tens digit of (148/(-10))/(d/20)?
7
Let i = -2020 - -6707. What is the tens digit of i?
8
Let u be ((-10)/(-1) + 0)*-1. Let v = u - -19. Let m = 25 + v. What is the units digit of m?
4
Suppose -x = 3*n - 2370, -3*n - 7146 = -120*x + 117*x. What is the units digit of x?
9
Let c = -565 - -1268. What is the hundreds digit of c?
7
Suppose 0*j + 5*j = -4*z + 12, 3*j = z - 3. Let i = j - -37. Let v = i - 20. What is the tens digit of v?
1
Suppose 1506*c - 6200 = 1498*c. What is the tens digit of c?
7
Let s = -3 - -29. Suppose -s*b + 21*b + 360 = 0. What is the tens digit of b?
7
Suppose 4*u + 646 = h, 5*h - 3129 = -5*u + 1. What is the tens digit of h?
3
Let v(r) = r + 13. Let t be v(-10). Suppose -t*y + 264 = 3*s, -130 = -2*s - 5*y + 40. Suppose -4*b = -2*j - s, -3*b + 0*b + 70 = j. What is the tens digit of b?
2
Let s = 3368 + 555. What is the tens digit of s?
2
Let c = -12 - -5. Let t(u) = -u - 2. Let v be t(c). Suppose 2*q + 3*w - 19 = 0, 7*q - 35 = 2*q - v*w. What is the units digit of q?
2
Suppose 305 = 2*x - 6259. What is the tens digit of x?
8
Let p = -12 - -8. Let o be (6/p)/(3/(-10)). What is the units digit of (-4)/(-1)*(0 + o)?
0
Suppose 2*z = 2*q - 6714, 2*z + 21599 - 4823 = 5*q. What is the thousands digit of q?
3
Let g = -956 - -2201. What is the thousands digit of g?
1
Let z = -1084 - -1663. What is the hundreds digit of z?
5
Suppose -4*n + 9*x - 6*x + 18045 = 0, 2*n = -2*x + 9040. What is the thousands digit of n?
4
Let q(t) = t - 36. Let n be q(0). Let v = 50 + n. What is the units digit of (-8)/(-28) - (-122)/v?
9
Let f = -37 + 39. Suppose -2*j + 6 = j + 5*r, -2*r - 2 = -j. Suppose -3 + 13 = j*d - f*s, -3*d - 2*s = -40. What is the tens digit of d?
1
Let d(v) = v**3 - 12*v**2 - 3*v + 54. What is the units digit of d(12)?
8
Let t = -70 + 74. Suppose 3*o - 756 = 2*s, -1347 + 322 = -t*o - 3*s. What is the tens digit of o?
5
Suppose -n = -4*h - 200 - 387, h = 4*n - 158. Let d = -74 - h. What is the tens digit of d?
7
Let o be 0/(2 + -1 + 0). Let k(f) = 3 + o + 4*f + 2. What is the tens digit of k(6)?
2
Let n(b) be the first derivative of 71/2*b**2 - 3*b - 15. What is the units digit of n(1)?
8
Let c be -1*(-4 + 5) - -20. Let h be 2/3*(-16 + c). Suppose h*r + 94 = 4*x, 5*r + 7 = -x + 36. What is the tens digit of x?
2
Let b(o) = -o**2 + 8*o + 1. Let d be b(7). Let k be (-2)/d - 2/(-8). Suppose 78 = -m + 3*m + 2*y, -4*m + 5*y + 192 = k. What is the tens digit of m?
4
Let j = -4 - 6. Let d = 122 - j. What is the hundreds digit of d?
1
Let t(m) = m**2 - 6*m - 8. Suppose -4*j = -8*j + 32. Let s be t(j). Suppose 3*b + 69 = 2*l + s, 2*l + 3*b - 43 = 0. What is the tens digit of l?
2
Suppose f - 5 = 0, f - 5*f = -2*r - 14. Suppose -35 = -6*i + 19. What is the units digit of 0 - i/r - -5?
2
Suppose 0 = -2*t - t + 15. Suppose l - 7 + t = 0. Suppose -139 = -2*o + a, -l*o + 77 = 2*a - 65. What is the units digit of o?
0
Let s = 76 - 50. Let f be s/4 - (-3)/(-6). What is the units digit of ((-117)/12)/(f/(-16))?
6
Suppose 14 = -3*p - 5*k, -4*p = -k - 11 - 1. What is the tens digit of (16/(-24))/(p/(-414))?
3
Suppose 5*v - 6 = 9. Let h be ((-16)/v)/((-7)/(-105)). Let o = h - -113. What is the units digit of o?
3
What is the tens digit of -7 - -4 - (-48)/3?
1
Let n(m) = 6*m**2 + 58. What is the tens digit of n(-7)?
5
Let t = -15 - -19. Suppose -g = t*w - 0*g + 5, -5 = g. Suppose 4*h = 4*l - 16, -l + w*h - 2 = -4*h. What is the units digit of l?
6
Let q(r) = 6*r + 3. Let j(f) = f**2 - 5*f - 5. Let l be j(-2). What is the units digit of q(l)?
7
Let m(a) = 6*a**2 + 11*a - 15. Let x be m(3). Suppose 0*u = -2*u + 12. Suppose -u*h + 84 = -x. What is the tens digit of h?
2
Suppose 0 = -0*p + 2*p + 4*d - 162, p = 4*d + 111. Let o = p + -18. What is the tens digit of o?
7
Suppose 0 = -3*b - 2*b + p + 8006, -4800 = -3*b - 3*p. What is the hundreds digit of b?
6
What is the hundreds digit of ((-1)/(-2))/(-3 - (-87545)/29180)?
9
Suppose y = -5*p + 37, 44 = y + y + 4*p. What is the units digit of y/(-30) + 674/10?
7
Suppose -2*u = -5*x - 168, 168 = -0*u + 2*u + 5*x. Suppose -4*f - 5*m + 228 = 0, -2*m - 3*m - u = -2*f. What is the units digit of f?
2
Let n(j) = -231*j + 78. What is the thousands digit of n(-9)?
2
Suppose -4*l = 2*x - 36, -x = 3*l - 4*x - 9. What is the units digit of l?
7
Let i(k) = -k**3 - 7*k**2 + 8*k + 2. Let p be i(-8). Suppose p*s = 4*x - 186, -x + s = -0*s - 44. What is the tens digit of x?
4
Let r(h) = -2*h**2 - 67*h - 8. What is the hundreds digit of r(-7)?
3
Let v = 691 - 415. What is the hundreds digit of v?
2
Let z = 9 + -4. Suppose 3*t + 0*k = -k + 49, z*t - 5*k - 115 = 0. What is the tens digit of t?
1
Let p(d) = d**2 - 8*d - 18. Let u be p(10). Suppose -2*s - u*s + 1252 = 0. What is the hundreds digit of s?
3
Suppose 76 = -5*k + 1441. Let j = k + -111. What is the hundreds digit of j?
1
Suppose -2*z - 29 = -3*z. Let s be (z/3)/((-12)/(-36)). Let x = s + -28. What is the units digit of x?
1
Let q be 7 - 6/(-9)*-6. Suppose 0*d - 16 = -5*h - d, -8 = -q*h - d. What is the units digit of 3 + (h + -3 - 0)?
4
Let b = 734 + -650. What is the tens digit of b?
8
Suppose -249 = -u - 2*d, -2*u = 2*u + 5*d - 1008. What is the hundreds digit of u?
2
Let m be (-11 + 3)/(-2) - 1. Let n(a) = -6*a**2 + 9*a + 8. Let f(i) = -3*i**2 + 4*i + 4. Let y(z) = m*n(z) - 7*f(z). What is the tens digit of y(-3)?
2
Let c be -21*3/15 + (-2)/(-10). What is the tens digit of (-240)/c + 4/(-1)?
5
Let z = -297 - -1333. What is the tens digit of z?
3
Let n(f) be the first derivative of f**3/3 + f**2/2 - 5*f + 6. Let i be n(-3). Let u = i + 2. What is the units digit of u?
3
Let g(q) = -99*q - 310. What is the tens digit of g(-13)?
7
Let s be (-1 + 0 - 1) + 226/2. Let p = 200 - s. What is the tens digit of p?
8
Let a = 629 + 250. What is the hundreds digit of a?
8
Let o(l) = -l**2 - 6*l + 10. Let n be o(-7). Suppose -n*y = -y, 408 = 4*z + 3*y. What is the units digit of ((-4)/6)/((-2)/z)?
4
Let h(m) = 7 - 4*m + 66 + 3*m. What is the tens digit of h(0)?
7
What is the tens digit of (-10)/(-25)*5970/3?
9
Let p(k) = 163*k**2 - 5. Let s be p(2). Suppose -2*d + 0*d = -5*t + 808, 0 = -4*t + d + s. What is the units digit of t?
2
Suppose -v + q = -3*q + 4, 0 = -v - 4*q + 12. Suppose -2*z = 5*j - 265, -j + 285 = 4*j - 2*z. Suppose v*g - j = 3*g. What is the tens digit of g?
5
Let k(x) = -82 + 15 + 29 - 8*x - 7. What is the units digit of k(-14)?
7
Let s be 1/((4/(-102))/(896/(-24))). Suppose -3*t - 5*t + s = 0. What is the hundreds digit of t?
1
Let w(b) = -b**2 - 13*b - 13. Let c be w(-12). What is the units digit of 3/c*62/(-6)?
1
Let o be 2/(-3) - 40/(-15). Suppose -o*n - 3 - 10 = -p, 5*n = p - 4. What is the units digit of p?
9
Suppose -2660 = 8*j - 6420. Suppose 31*i - j = 26*i. What is the units digit of i?
4
Suppose -w + 309 = -4*c, -w = -7*c + 2*c - 304. What is the tens digit of w?
2
What is the thousands digit of (1*(-22266)/(-15))/((-10)/(-25))?
3
Let q(s) = 2*s + 